ime factors of 135906?
2, 3, 22651
What are the prime factors of 6284289?
3, 11, 31, 6143
List the prime factors of 13842525.
3, 5, 184567
What are the prime factors of 5971773?
3, 41, 47, 1033
What are the prime factors of 1257675?
3, 5, 41, 409
What are the prime factors of 551533?
89, 6197
What are the prime factors of 659941?
659941
List the prime factors of 549158.
2, 274579
List the prime factors of 515810.
2, 5, 51581
What are the prime factors of 1161734?
2, 7, 82981
What are the prime factors of 111714?
2, 3, 43, 433
What are the prime factors of 5283786?
2, 3, 19, 46349
What are the prime factors of 2669039?
103, 25913
List the prime factors of 669279.
3, 13, 131
List the prime factors of 1245935.
5, 249187
List the prime factors of 73256.
2, 9157
What are the prime factors of 1013441?
11, 13, 19, 373
List the prime factors of 6020445.
3, 5, 71, 5653
List the prime factors of 1414471.
353, 4007
List the prime factors of 538845.
3, 5, 35923
What are the prime factors of 686253?
3, 228751
List the prime factors of 36241.
36241
List the prime factors of 71341.
71341
What are the prime factors of 174404?
2, 59, 739
List the prime factors of 374048.
2, 11689
List the prime factors of 7233016.
2, 7, 53, 2437
What are the prime factors of 3389397?
3, 11, 271, 379
What are the prime factors of 1354995?
3, 5, 10037
What are the prime factors of 7958911?
1399, 5689
List the prime factors of 510559.
7, 72937
What are the prime factors of 297942?
2, 3, 17, 23, 127
What are the prime factors of 263179?
7, 41, 131
What are the prime factors of 704050?
2, 5, 14081
List the prime factors of 107818.
2, 31, 37, 47
What are the prime factors of 4576625?
5, 19, 41, 47
What are the prime factors of 1845642?
2, 3, 139, 2213
List the prime factors of 15263820.
2, 3, 5, 11, 13, 593
What are the prime factors of 688024?
2, 17, 5059
What are the prime factors of 5494?
2, 41, 67
List the prime factors of 448342.
2, 224171
List the prime factors of 6767824.
2, 7, 60427
What are the prime factors of 1507836?
2, 3, 11, 11423
What are the prime factors of 1511679?
3, 13, 83, 467
List the prime factors of 126718.
2, 17, 3727
What are the prime factors of 310574?
2, 11, 19, 743
List the prime factors of 2313098.
2, 19, 29, 2099
What are the prime factors of 3894432?
2, 3, 113, 359
What are the prime factors of 1002670?
2, 5, 100267
What are the prime factors of 12889?
12889
What are the prime factors of 923163?
3, 127, 2423
List the prime factors of 700895.
5, 13, 41, 263
List the prime factors of 1961965.
5, 79, 4967
What are the prime factors of 604428?
2, 3, 11, 19, 241
List the prime factors of 676849.
617, 1097
List the prime factors of 11301449.
1021, 11069
List the prime factors of 355772.
2, 29, 3067
List the prime factors of 43620.
2, 3, 5, 727
List the prime factors of 762461.
7, 108923
What are the prime factors of 584465?
5, 7, 16699
List the prime factors of 8402928.
2, 3, 175061
What are the prime factors of 1442780?
2, 5, 72139
List the prime factors of 388130.
2, 5, 37, 1049
List the prime factors of 11313136.
2, 707071
What are the prime factors of 11422281?
3, 13, 292879
What are the prime factors of 481655?
5, 96331
What are the prime factors of 1029910?
2, 5, 7, 14713
What are the prime factors of 1608005?
5, 7, 45943
What are the prime factors of 515446?
2, 29, 8887
List the prime factors of 2571644.
2, 73, 8807
What are the prime factors of 3735035?
5, 31, 24097
What are the prime factors of 342898?
2, 171449
What are the prime factors of 121037?
7, 17291
What are the prime factors of 394932?
2, 3, 32911
List the prime factors of 1545148.
2, 11, 35117
List the prime factors of 2515960.
2, 5, 31, 2029
What are the prime factors of 1308226?
2, 19, 173, 199
List the prime factors of 22037.
22037
List the prime factors of 10721873.
10721873
What are the prime factors of 2170289?
11, 197299
What are the prime factors of 1459765?
5, 181, 1613
List the prime factors of 57372.
2, 3, 7, 683
List the prime factors of 8547946.
2, 11, 53, 7331
What are the prime factors of 220365?
3, 5, 59, 83
What are the prime factors of 4296?
2, 3, 179
List the prime factors of 191377.
211, 907
List the prime factors of 43295.
5, 7, 1237
What are the prime factors of 22637219?
11, 1399, 1471
List the prime factors of 406887.
3, 13, 10433
List the prime factors of 894547.
894547
What are the prime factors of 3881623?
1009, 3847
List the prime factors of 6489194.
2, 409, 7933
List the prime factors of 4843541.
4843541
What are the prime factors of 111366?
2, 3, 23, 269
List the prime factors of 329638.
2, 43, 3833
What are the prime factors of 527112?
2, 3, 7321
What are the prime factors of 4689858?
2, 3, 17, 45979
What are the prime factors of 398085?
3, 5, 26539
List the prime factors of 703597.
821, 857
List the prime factors of 6865631.
19, 361349
List the prime factors of 351486.
2, 3, 23, 283
List the prime factors of 1726628.
2, 431657
List the prime factors of 26417568.
2, 3, 275183
List the prime factors of 487174.
2, 243587
What are the prime factors of 812473?
812473
What are the prime factors of 22332370?
2, 5, 137, 16301
List the prime factors of 7967634.
2, 3, 29, 1579
List the prime factors of 2429982.
2, 3, 134999
List the prime factors of 70.
2, 5, 7
List the prime factors of 1509229.
1509229
What are the prime factors of 1504637?
23, 65419
List the prime factors of 14696786.
2, 13, 565261
What are the prime factors of 242188?
2, 191, 317
What are the prime factors of 813321?
3, 3347
List the prime factors of 8271108.
2, 3, 229753
What are the prime factors of 307505?
5, 11, 5591
List the prime factors of 1517447.
293, 5179
List the prime factors of 10758510.
2, 3, 5, 7, 17077
What are the prime factors of 5096574?
2, 3, 7, 97, 139
What are the prime factors of 2804066?
2, 479, 2927
What are the prime factors of 5150831?
7, 15017
List the prime factors of 212.
2, 53
What are the prime factors of 94826?
2, 17, 2789
List the prime factors of 957163.
19, 50377
What are the prime factors of 19375?
5, 31
List the prime factors of 1049815.
5, 13, 31, 521
What are the prime factors of 398270?
2, 5, 39827
What are the prime factors of 33595?
5, 6719
List the prime factors of 30379045.
5, 6075809
What are the prime factors of 1410511?
359, 3929
What are the prime factors of 8453805?
3, 5, 563587
What are the prime factors of 621882?
2, 3, 34549
What are the prime factors of 5113?
5113
What are the prime factors of 36020738?
2, 13, 139, 9967
List the prime factors of 2162052.
2, 3, 6673
What are the prime factors of 327209?
327209
What are the prime factors of 82764?
2, 3, 11, 19
List the prime factors of 498227.
498227
List the prime factors of 4558246.
2, 7, 11, 29599
List the prime factors of 18696416.
2, 29, 20147
List the prime factors of 212599.
29, 7331
List the prime factors of 3429242.
2, 1714621
What are the prime factors of 1875328?
2, 7, 13, 23
List the prime factors of 350171.
53, 6607
List the prime factors of 146515.
5, 29303
List the prime factors of 902543.
23, 39241
What are the prime factors of 1178136?
2, 3, 16363
List the prime factors of 50639.
79, 641
What are the prime factors of 93474?
2, 3, 577
List the prime factors of 1832683.
19, 96457
What are the prime factors of 1339196?
2, 19, 67, 263
What are the prime factors of 1330714?
2, 7, 11, 8641
List the prime factors of 2396924.
2, 599231
List the prime factors of 20131073.
1889, 10657
List the prime factors of 349171.
349171
What are the prime factors of 14031427?
47, 79, 3779
What are the prime factors of 451055?
5, 11, 59, 139
List the prime factors of 31030526.
2, 3631, 4273
What are the prime factors of 21300382?
2, 37, 53, 5431
What are the prime factors of 78246?
2, 3, 7, 23
What are the prime factors of 706147?
13, 54319
List the prime factors of 9305223.
3, 3101741
List the prime factors of 5842865.
5, 7, 139, 1201
List the prime factors of 27262064.
2, 761, 2239
What are the prime factors of 1530673?
23, 61, 1091
What are the prime factors of 1813353?
3, 43, 14057
What are the prime factors of 13705555?
5, 19, 89, 1621
What are the prime factors of 76903?
53, 1451
List the prime factors of 2408244.
2, 3, 101, 1987
What are the prime factors of 2428586?
2, 17, 71429
What are